 84.
80
Calculate the remainder when 24188 is divided by 733.
732
Calculate the remainder when 7309 is divided by 16.
13
Calculate the remainder when 33101 is divided by 11030.
11
What is the remainder when 132731 is divided by 14740?
71
What is the remainder when 8482 is divided by 56?
26
What is the remainder when 62000 is divided by 72?
8
What is the remainder when 6064 is divided by 50?
14
What is the remainder when 769 is divided by 470?
299
What is the remainder when 7204 is divided by 191?
137
Calculate the remainder when 1527 is divided by 602.
323
What is the remainder when 29524 is divided by 1259?
567
Calculate the remainder when 760 is divided by 210.
130
Calculate the remainder when 1664189 is divided by 99.
98
Calculate the remainder when 41094 is divided by 6834.
90
Calculate the remainder when 6310 is divided by 107.
104
Calculate the remainder when 16416 is divided by 514.
482
Calculate the remainder when 1495 is divided by 285.
70
What is the remainder when 3578 is divided by 3563?
15
Calculate the remainder when 1586 is divided by 103.
41
What is the remainder when 3204 is divided by 252?
180
What is the remainder when 167396 is divided by 90?
86
What is the remainder when 3525 is divided by 1759?
7
Calculate the remainder when 6374 is divided by 356.
322
Calculate the remainder when 1754 is divided by 5.
4
Calculate the remainder when 7908 is divided by 9.
6
What is the remainder when 300310 is divided by 133?
129
Calculate the remainder when 12259 is divided by 6129.
1
Calculate the remainder when 5173 is divided by 76.
5
Calculate the remainder when 30006 is divided by 866.
562
Calculate the remainder when 212224 is divided by 326.
324
What is the remainder when 15490 is divided by 126?
118
Calculate the remainder when 66031 is divided by 9.
7
What is the remainder when 920184 is divided by 305?
304
What is the remainder when 505 is divided by 244?
17
Calculate the remainder when 942333 is divided by 471166.
1
Calculate the remainder when 298278 is divided by 941.
922
Calculate the remainder when 4483 is divided by 1535.
1413
Calculate the remainder when 82508 is divided by 250.
8
Calculate the remainder when 23528 is divided by 93.
92
Calculate the remainder when 12241 is divided by 1218.
61
What is the remainder when 106947 is divided by 50?
47
Calculate the remainder when 1101 is divided by 48.
45
What is the remainder when 161767 is divided by 61?
56
What is the remainder when 3601 is divided by 2?
1
Calculate the remainder when 6750 is divided by 69.
57
Calculate the remainder when 19393 is divided by 259.
227
Calculate the remainder when 1747 is divided by 1724.
23
What is the remainder when 50348 is divided by 136?
28
Calculate the remainder when 295241 is divided by 195.
11
What is the remainder when 16349 is divided by 256?
221
Calculate the remainder when 270035 is divided by 344.
339
Calculate the remainder when 10513 is divided by 3058.
1339
Calculate the remainder when 78154 is divided by 186.
34
What is the remainder when 2333 is divided by 96?
29
Calculate the remainder when 1519 is divided by 386.
361
What is the remainder when 18657 is divided by 101?
73
Calculate the remainder when 2421 is divided by 797.
30
What is the remainder when 948 is divided by 208?
116
Calculate the remainder when 69977 is divided by 4991.
103
What is the remainder when 29421 is divided by 218?
209
What is the remainder when 14887 is divided by 402?
13
What is the remainder when 2422244 is divided by 85?
84
What is the remainder when 48069 is divided by 238?
231
What is the remainder when 44261 is divided by 503?
500
Calculate the remainder when 322200 is divided by 139.
137
Calculate the remainder when 2629 is divided by 846.
91
What is the remainder when 18193 is divided by 30?
13
What is the remainder when 50044 is divided by 5?
4
Calculate the remainder when 8353 is divided by 4124.
105
What is the remainder when 308056 is divided by 96?
88
Calculate the remainder when 23621 is divided by 504.
437
What is the remainder when 3346205 is divided by 424?
421
Calculate the remainder when 21251 is divided by 765.
596
Calculate the remainder when 5371 is divided by 357.
16
What is the remainder when 11099 is divided by 2153?
334
Calculate the remainder when 1582434 is divided by 1671.
1668
Calculate the remainder when 1473 is divided by 1356.
117
Calculate the remainder when 2246 is divided by 1037.
172
Calculate the remainder when 8436 is divided by 324.
12
What is the remainder when 25052 is divided by 18?
14
What is the remainder when 713 is divided by 640?
73
What is the remainder when 78298 is divided by 116?
114
Calculate the remainder when 3811 is divided by 638.
621
What is the remainder when 13993 is divided by 71?
6
What is the remainder when 2314 is divided by 2054?
260
Calculate the remainder when 35725 is divided by 5910.
265
Calculate the remainder when 4032 is divided by 77.
28
What is the remainder when 57304 is divided by 17?
14
What is the remainder when 21830 is divided by 7231?
137
Calculate the remainder when 468241 is divided by 271.
224
What is the remainder when 2921 is divided by 14?
9
What is the remainder when 650190 is divided by 91?
86
Calculate the remainder when 81502 is divided by 6268.
18
What is the remainder when 31200 is divided by 693?
15
Calculate the remainder when 50658 is divided by 16884.
6
What is the remainder when 922 is divided by 462?
460
Calculate the remainder when 3818 is divided by 211.
20
Calculate the remainder when 22775 is divided by 11384.
7
What is the remainder when 2608 is divided by 2513?
95
What is the remainder when 9366 is divided by 1336?
14
What is the remainder when 24513 is divided by 12246?
21
What is the remainder when 48945 is divided by 232?
225
Calculate the remainder when 57417 is divided by 18.
15
Calculate the remainder when 20140 is divided by 5024.
44
What is the remainder when 8065 is divided by 1010?
995
Calculate the remainder when 14933923 is divided by 76.
75
Calculate the remainder when 10284 is divided by 10.
4
Calculate the remainder when 1373 is divided by 86.
83
Calculate the remainder when 577089 is divided by 17.
7
What is the remainder when 13962 is divided by 57?
54
What is the remainder when 1908 is divided by 255?
123
Calculate the remainder when 2287 is divided by 210.
187
What is the remainder when 18159 is divided by 16?
15
What is the remainder when 31327 is divided by 282?
25
What is the remainder when 34299 is divided by 7?
6
What is the remainder when 20024 is divided by 933?
431
Calculate the remainder when 164579 is divided by 211.
210
Calculate the remainder when 2687378 is divided by 1038.
1034
Calculate the remainder when 1623 is divided by 892.
731
What is the remainder when 3077 is divided by 27?
26
Calculate the remainder when 13311 is divided by 3326.
7
What is the remainder when 3153 is divided by 40?
33
What is the remainder when 932421 is divided by 137?
136
Calculate the remainder when 25366 is divided by 25238.
128
What is the remainder when 6431 is divided by 16?
15
What is the remainder when 14825 is divided by 7310?
205
Calculate the remainder when 1295883 is divided by 21.
15
What is the remainder when 45014 is divided by 15?
14
Calculate the remainder when 1248 is divided by 84.
72
What is the remainder when 332700 is divided by 22180?
0
Calculate the remainder when 1774 is divided by 490.
304
Calculate the remainder when 22979 is divided by 7656.
11
Calculate the remainder when 510351 is divided by 39.
36
Calculate the remainder when 29413 is divided by 27.
10
Calculate the remainder when 46365 is divided by 6621.
18
What is the remainder when 11633 is divided by 432?
401
What is the remainder when 28559 is divided by 2039?
13
What is the remainder when 107901 is divided by 35957?
30
What is the remainder when 9537 is divided by 45?
42
Calculate the remainder when 190135 is divided by 12.
7
Calculate the remainder when 2964 is divided by 11.
5
What is the remainder when 13835 is divided by 10?
5
What is the remainder when 4147 is divided by 19?
5
Calculate the remainder when 365115 is divided by 19.
11
What is the remainder when 1659 is divided by 15?
9
Calculate the remainder when 1866 is divided by 41.
21
W